 f(-6) is divided by 14.
13
Let l(w) = 7*w + 5. Calculate the remainder when l(5) is divided by (-13)/(-1) - (-1 - 0).
12
Suppose -11 = -l - 4*a, 93 = 3*l + 2*l + a. What is the remainder when 36 is divided by l?
17
Suppose -200 + 12 = -2*i. What is the remainder when i is divided by 24?
22
Calculate the remainder when 145 is divided by -4 - (-2202)/54 - (-2)/9.
34
Suppose b + 2 = 29. Calculate the remainder when b is divided by 10.
7
Suppose 11 = 3*p - 4. Let q = 8 - p. Suppose 5*r - 72 = -4*c, 0*r + 33 = q*r - c. Calculate the remainder when 23 is divided by r.
11
Suppose -9*o + 5*o = -4. Let c(q) = q**3 - q**2 - 2*q + 1. What is the remainder when o is divided by c(2)?
0
Let w(f) be the third derivative of f**4/3 - 2*f**3 + 4*f**2. Let l be w(10). Let i = -19 + l. What is the remainder when i is divided by 17?
15
Let z = 70 - 37. What is the remainder when z is divided by 19?
14
Suppose 3*w + 3 = -0. Calculate the remainder when 29 is divided by (2 + 13)*(0 - w).
14
Suppose -4*t - 3 = -5*t. Suppose 0 = k + 3*a + 1 + 4, 2*k = -a + 5. Calculate the remainder when k is divided by t.
1
Suppose -175 = -6*k + k. Suppose -5*m - 264 = -m - 4*r, 0 = -r - 4. Calculate the remainder when k is divided by (-7)/(m/12)*10.
11
What is the remainder when 22/6 - (-2)/6 is divided by (6/(-3))/(-5 + 4)?
0
Calculate the remainder when 138 is divided by (420/(-18))/((-24)/9 - -2).
33
Suppose 7*g = 217 + 574. Calculate the remainder when g is divided by 29.
26
Let j(c) = c + 57. What is the remainder when 142 is divided by j(-9)?
46
Suppose u + 4 = 3*u. Suppose 2*w = 4*w - 2*z - 22, 4*w - 52 = u*z. What is the remainder when (44*1)/(4/4) is divided by w?
14
Suppose 3*g - y + 5*y + 30 = 0, -4*g = 5*y + 41. Let j = g - -53. What is the remainder when 7 is divided by j/15 - 6/(-15)?
1
Suppose 2*l = 9 + 1. Suppose 3*h - l*h = -50. Let a = 36 - 29. What is the remainder when h is divided by a?
4
Suppose l = -3*j + 15, -3*l - 5*j + 13 + 44 = 0. Let f(p) = p**2 - 3*p - 5. Calculate the remainder when l is divided by f(6).
11
Let v(h) = -h**2 - 7*h + 1. Let i be v(-6). Calculate the remainder when (-135)/(-7) + (-2)/i is divided by 4.
3
Let u(x) = -x**2 - 16*x - 9. What is the remainder when u(-8) is divided by 28?
27
Let m(g) = 5*g**2 + 3*g + 4. Suppose 2*o = 7*o + 15. Let j be m(o). Let r = -24 + j. Calculate the remainder when r is divided by 9.
7
What is the remainder when 82 is divided by (473/(-44))/(1/(-4))?
39
Suppose 0*c - 2*c = -4, -2*u - 4*c + 60 = 0. What is the remainder when 126 is divided by u?
22
Let a(v) = 2*v**3 - 2*v**2 + v - 3. What is the remainder when 31 is divided by a(2)?
3
Let n(b) = -b - 1. Let t be -6*(-1)/2 + -1. Let x = t + 0. What is the remainder when n(-4) is divided by x?
1
Suppose -2*w = 2*w - 36. Let p = -38 - -71. What is the remainder when p is divided by w?
6
Let s(v) = v**3 + 12*v**2 - 17*v - 11. Calculate the remainder when 120 is divided by s(-13).
38
Let t(l) = 2*l + 6. Calculate the remainder when t(3) is divided by 7.
5
Suppose 0 = -4*z + 3*n + 127, -50 - 14 = -3*z - 4*n. Let l = z - -3. What is the remainder when l is divided by 11?
9
Suppose -3*m = 4*n - 19, 5*n + 8*m = 3*m + 20. Let p = -3 + 16. What is the remainder when p is divided by n?
6
Let t = -6 - -13. Calculate the remainder when 12 is divided by t.
5
Let c = 100 - 91. What is the remainder when c is divided by 4?
1
Suppose -4*v + 0*s + s - 8 = 0, s - 1 = -3*v. Calculate the remainder when 9 is divided by (0 - v)/((-2)/(-6)).
0
What is the remainder when 51 is divided by 12/42 - 38/(-14) - -3?
3
Let v(r) = -r**2 - 13*r - 12. Suppose 2*t - 18 = 4*t. What is the remainder when v(t) is divided by 9?
6
Suppose -5*y + 3*c + 152 = 0, 0*c + 3*c + 40 = y. Calculate the remainder when 54 is divided by y.
26
Suppose 3*p + p - 4*c - 24 = 0, -p - c + 6 = 0. Suppose -4*i + 10 = -p. What is the remainder when 10 is divided by i?
2
Let b(l) = l**3 + 16*l**2 - 2*l - 17. Let a = -10 - -53. What is the remainder when a is divided by b(-16)?
13
Suppose 0 = 5*z - 523 + 73. What is the remainder when z is divided by 46?
44
Let y = 9 + -4. Suppose -3*h = -7 - y. Let k(u) = 10*u - 1. What is the remainder when k(h) is divided by 10?
9
What is the remainder when (1 - 68)/(-8 - -7) is divided by 17?
16
Let g(w) = 898*w**3 + w**2 - 2*w + 1. Let d be g(1). Suppose d - 158 = 5*l. What is the remainder when 15 is divided by l/18 - (-2)/(-9)?
7
Let g be (-77)/(-44) + (-2)/(-8). Suppose g*a - 22 = -4*n - 4, -3*a = -3*n - 18. What is the remainder when 10 is divided by a?
3
What is the remainder when 681/7 - (72/(-42) + 2) is divided by 50?
47
Suppose -c + 17 - 9 = 0. Calculate the remainder when 19 is divided by c.
3
Let b(n) = 4*n - 1. Let x be b(1). Suppose 3*o - a + 1 - x = 0, o + 5*a = 6. What is the remainder when 3 is divided by o?
0
Let x = 226 + -155. Suppose 5*r = x + 134. What is the remainder when r is divided by 15?
11
Let r(y) = -y - 7. Let a be r(5). What is the remainder when 26 is divided by 0 - (a - -1 - 3)?
12
Suppose l + 647 = 761. Let k = 46 - 17. Calculate the remainder when l is divided by k.
27
Let s = -4 - -7. Calculate the remainder when 34 is divided by s.
1
Suppose 2*l + n - 5 = 2*n, 2*l - 1 = -3*n. Suppose l*y = -y + 186. Suppose -30 - y = -4*z. Calculate the remainder when z is divided by 12.
11
Let m = -5 + 18. Let n(l) = -3*l**2 - 3*l - 1. Let b be n(-2). Calculate the remainder when (-6)/(-21) + (-264)/b is divided by m.
12
Calculate the remainder when 41 is divided by -1*6/(-4)*14.
20
Suppose -2*b = 2*b - 64. Suppose -4*z + b = 0, 5*z + 8 - 24 = 2*r. What is the remainder when ((-5)/(-2))/((-3)/(-6)) is divided by r?
1
Suppose -4*o = -0*o - 92. Suppose 0 = -5*y + 25, 4*m - 5*y - 23 = -0*y. Calculate the remainder when o is divided by m.
11
Let x = -17 - 4. Let s = 32 + x. Suppose 5*p + 75 = 175. What is the remainder when p is divided by s?
9
Let x(i) be the second derivative of 11*i**3/6 - 3*i. Suppose -2*l + 0 + 2 = 0. What is the remainder when x(l) is divided by 3?
2
Suppose o - 22 = -o + 4*x, -5*o + x = -28. Calculate the remainder when 17 is divided by o.
2
Let q = -7 - -8. What is the remainder when 13/1 + (1 - q) is divided by 4?
1
Suppose -4*u + 7*u = 96. Let p = u + 19. What is the remainder when p is divided by 18?
15
Suppose 0*b + 21 = 3*b. Let p(j) = -5*j**2 + j - 4. Let c(v) = 6*v**2 - v + 5. Let o(k) = -4*c(k) - 5*p(k). Calculate the remainder when o(5) is divided by b.
6
Let r = 122 - 49. Calculate the remainder when r is divided by 19.
16
Let g be -2 + 12/(2 + 1). Suppose -c = g*c - 30. What is the remainder when 19 is divided by c?
9
Suppose 6*v = 4*u + v - 175, -2*v = -2. What is the remainder when u is divided by 12?
9
Let q(d) = -d**2 + 6*d + 6. Let m be q(6). Let j = m + -1. Suppose -14 = -2*p - 5*v, 4*p = -p + j*v. What is the remainder when 4 is divided by p?
0
Suppose 4*v - 107 = -5*b, -2*v + v + b + 38 = 0. What is the remainder when v is divided by 17/(-3)*(-3 - 0)?
16
Let b(z) = z**3 - 15*z**2 + 21*z - 16. Calculate the remainder when b(14) is divided by 17.
14
Let j = 224 - 212. Suppose 7 = 3*l - 5. Suppose -h = 3*q - 64, -l*h = q - 9*h - 48. Calculate the remainder when q is divided by j.
11
Suppose -p = -3*n + 45, 0 = n + 2*p - 5 - 3. Let i = n - -9. Calculate the remainder when 90 is divided by i.
21
Let s be (4/(-3))/(8/(-18)). Calculate the remainder when 66 is divided by 15 + -3 + s - -2.
15
Suppose 3*v + 105 = 3*k, -5*k = -0*v + v - 163. Suppose 2*b - 21 = 15. Calculate the remainder when k is divided by b.
15
Suppose 2*z - 2*q - 247 = -31, 2*z = 4*q + 214. Calculate the remainder when z is divided by 16.
13
Let r(p) = 8*p**2 + 4*p + 2. Let c(n) = -8*n**2 - 5*n - 3. Let j(q) = 2*c(q) + 3*r(q). Suppose 0*h - 2*h = 4. What is the remainder when j(h) is divided by 10?
8
Suppose 2*t + t + j = -1, -5 = -j. Let l be 4*t/(-20)*-305. Calculate the remainder when l*(6/(-4) + 1) is divided by 21.
19
Let u = 66 - 55. Calculate the remainder when 41 is divided by u.
8
Let a = 51 + -22. Calculate the remainder when a is divided by 10.
9
Suppose -z = -4 + 2. Let a = z - 0. Calculate the remainder when 10 is divided by a/(-3 + (-14)/(-4)).
2
Let o = -24 - -36. What is the remainder when o is divided by ((-10)/(-3))/((-10)/(-15))?
2
Let d